 -2 + (-9)/((-27)/s). What is the greatest common factor of 10 and q?
2
Suppose -5*g - 6 = -t, -9*g - 30 = -5*t - 8*g. Calculate the highest common factor of 8 and t.
2
Suppose -5*c = -v - 403, 0*v + 317 = 4*c + v. Let f = c - -19. What is the highest common factor of f and 11?
11
Suppose 0*v - v = 2, -2*i + v - 28 = 0. Let w(s) = -29*s**2 - 4*s - 2. Let f be w(-1). Let n = i - f. Calculate the greatest common divisor of n and 96.
12
Let j be -6*(0 + (-363)/9). What is the highest common divisor of 2 and j?
2
Suppose 768 = g - 5*g. Let b = g + 269. Calculate the greatest common divisor of b and 11.
11
Let j(o) = -44*o + 7. Let g be j(4). Let k = g - -333. What is the greatest common divisor of 41 and k?
41
Suppose 7*b + 2*q = 9*b - 54, -3*b - 4*q = -46. Let x(j) = 10*j**3 + j**2 + j - 1. Let c be x(1). Calculate the greatest common divisor of c and b.
11
Let c(j) = -17*j**3 + 8*j + 7. Let o be c(-1). What is the highest common divisor of o and 64?
16
Let t(n) = n**3 + 17*n**2 - 14. Let m be t(-17). Let x be 1634/6 - m/21. What is the greatest common divisor of 39 and x?
39
Let d(u) = 2*u**2 + 43*u + 156. Let q be d(-18). Suppose -4*l + 28 = -4*s, 5*s = 6*l - 2*l - 29. Calculate the highest common divisor of l and q.
6
Suppose 11*k - 4817 - 2751 = 0. Calculate the greatest common factor of 43 and k.
43
Suppose 17*h - 13*h + 5*c - 43 = 0, -4*h + 3*c + 83 = 0. What is the greatest common factor of h and 221?
17
Suppose c = 4*x - 94, -5*c = -3*x - 22 + 84. Let y = -14 + x. Suppose 3*j - 5*t - 54 = 51, 5*j = 4*t + 162. What is the greatest common factor of j and y?
10
Suppose -70*f + 2870 = -0*f. What is the greatest common divisor of f and 3403?
41
Let p = -159 + 564. Let b(f) = 4*f**2 - 3*f. Let g be b(-3). Calculate the highest common factor of g and p.
45
Let a(b) = -b**2 + 12*b - 6. Let i be a(8). Let x = i + -19. Suppose y - x*y = -924. Calculate the highest common factor of y and 22.
22
Suppose 190 = 2*c - 5*m, 0 = 4*c - 5*m - 34 - 336. Let t = c - 15. Calculate the highest common divisor of t and 60.
15
Let v = -192 - -291. Let f(h) = -h**3 + 20*h**2 + 21*h + 11. Let n be f(21). What is the highest common factor of n and v?
11
Let p(w) = -93*w + 9. Let d be p(-3). Calculate the greatest common divisor of 9 and d.
9
Suppose -31*w + 32 = 4*n - 36*w, -3*n + 4*w + 25 = 0. What is the greatest common divisor of 81 and n?
3
Let x be (((-7072)/(-24))/(-17))/(6/(-9)). Suppose q = 5*q - 208. What is the highest common divisor of q and x?
26
Suppose -7*r + 6*r = -5*t - 3, 0 = -3*t + 6. Suppose n - 5*u - 5 = 0, -n + r = -4*u + 3*u. What is the highest common divisor of n and 75?
15
Let u = 18 + 5. Suppose 21 + u = 4*w. What is the greatest common factor of w and 22?
11
Let m = 14 + -31. Let v = m - -20. Suppose 3*r + v = 9. Calculate the highest common factor of 2 and r.
2
Suppose -5*f - 32 = -7*f. Let n be f/56 + (2680/14)/2. Calculate the greatest common divisor of n and 12.
12
Let r be 145/((1 + 0)/1). Suppose -3*m = 4*d - r, 4*d + 0*m + 5*m - 135 = 0. Let y = d - 24. What is the greatest common divisor of 128 and y?
16
Let v = 8 + -5. Suppose 0 = -v*h + 11 + 28. Calculate the greatest common divisor of h and 13.
13
Let b = 11 - 9. Suppose -b*h - 16 = -j, h = -3 - 0. Calculate the highest common divisor of 2 and j.
2
Suppose -m + 174 = 2*g, -4*g - 724 - 202 = -5*m. What is the greatest common factor of 52 and m?
26
Let j = -7 - -37. Let f = j - 18. Calculate the greatest common divisor of f and 20.
4
Let t = -3 - -47. Calculate the greatest common factor of 11 and t.
11
Let w(u) be the second derivative of -u**3 - 2*u**2 - u. Let a be w(-3). Calculate the greatest common factor of a and 154.
14
Let v = 14 + -13. Let k be 46 + 4 + (v - 4). Suppose 5*i = 5*b - 85, b - 5*i + 10*i - k = 0. What is the greatest common factor of 11 and b?
11
Let d = 8 + -5. Suppose 0 = s - 3*m - 48, -5*s - d*m = -204. Suppose 2*t + 2*t = 28. Calculate the greatest common divisor of t and s.
7
Suppose -2*u + 4*p - 296 = -514, -4*u - 5*p = -475. What is the greatest common divisor of u and 506?
23
Let j be ((-372)/(-15))/(3 + 13/(-5)). Calculate the highest common factor of j and 682.
62
Let i(d) = -4*d**3 - d**2 - d + 1. Let p be i(-1). Suppose -m + 5*o + 12 = -32, 124 = p*m - o. What is the greatest common factor of 12 and m?
12
Suppose r - 2*p = -0*p + 39, 4*p = -8. Let w(d) = -5*d**2 + 2 - 7 - d + 6*d**2. Let b be w(4). Calculate the greatest common factor of r and b.
7
Let s = -61 + 73. Let q be 0 - (-1*s - 3). Suppose 0 = 2*a - 42 - 198. What is the greatest common factor of a and q?
15
Suppose 0 = -2*c - a - 2*a + 59, 3*a = 5*c - 116. Let r be (20/c)/((-4)/(-10)). What is the highest common divisor of 2 and r?
2
Suppose -55*k + 17718 = -10497. What is the highest common factor of k and 57?
57
Let s be (189/(-6))/((-1)/4). Suppose -5*b + 1 = t, -2*t + 7*t = -2*b + 120. Let l = -12 + t. What is the highest common factor of s and l?
14
Let a(w) = w - 8. Let z be a(6). Let f be ((-10)/z)/(3/9). What is the greatest common divisor of 5 and f?
5
Let p(b) = 7*b - 38. Let v(w) = -4*w + 19. Let t(z) = 3*p(z) + 5*v(z). Let s be t(0). Let c = s - -46. Calculate the highest common factor of 18 and c.
9
Let o be ((-260)/91)/((-1)/14). Calculate the greatest common factor of 120 and o.
40
Suppose -3*q + 49 = 4*q. Suppose -q*l = -1 - 27. Suppose 3*y - f - 31 = -2*f, 2*y = l*f + 16. What is the highest common divisor of 20 and y?
10
Let t = 8 + -1. Let z(a) = -a**2. Let i(u) = -4*u**2 + 16*u - 8. Let y(c) = i(c) - 3*z(c). Let j be y(t). What is the highest common factor of 11 and j?
11
Let p = -218 - -246. Calculate the greatest common factor of 14 and p.
14
Let g = 13 + -9. Suppose 3*a - 115 = -g*b, -3*a + 2*a + 3*b = -60. Let c be (11/(-3) - -2)*-3. What is the greatest common factor of a and c?
5
Suppose -u - 1 = 5. Let x be (u - -3)/(6/(-64)). What is the greatest common factor of x and 32?
32
Let l(j) = -48*j - 717. Let y be l(-15). Suppose -5*d + 3*d = -3*z + 1, -d + 10 = -5*z. Let m = -2 - d. What is the greatest common factor of y and m?
3
Suppose -4*z - 4*u + 240 = -8*u, -z - 4*u + 80 = 0. Calculate the greatest common divisor of z and 4.
4
Let l be 32*((-25)/(-10) + -2) - -5. What is the greatest common factor of 7 and l?
7
Let i be (-2)/(6 + -5)*-9. Let j = 542 - 344. Calculate the highest common factor of j and i.
18
Let d be (10/(-15))/(16/(-168)). Let r = -123 - -200. What is the highest common factor of d and r?
7
Suppose -1 = -2*y + 4*n + 5, 0 = -3*n + 12. Let w be 53 - 16/12*(-6)/4. Calculate the greatest common factor of y and w.
11
Let i = -196 - -319. Let h = i + -111. What is the greatest common factor of h and 276?
12
Let g(f) = -3*f - 8. Let u be g(-4). Suppose 0*b = -u*b + 4. Calculate the greatest common factor of b and 1.
1
Suppose 11 = 3*y - 13. Let u be ((-99)/4)/((-2)/8). Let v = u - 35. Calculate the highest common factor of y and v.
8
Suppose -2*x + 110 = -2*m, -12*m = -3*x - 8*m + 168. Calculate the greatest common factor of x and 468.
52
Let a = 368 + -192. Suppose 5*z - o - 153 = -4*o, z - 4*o = 49. Let l = z + -11. Calculate the greatest common divisor of l and a.
22
Suppose -1010 = -2*y - 2*p, -4*p = -7*p. Calculate the greatest common factor of 15 and y.
5
Suppose 4*m - 24 = -2*r, 3*r - 11 - 5 = -m. Let f = -3 + m. Let w be (-2)/(0 + f) + 9. Calculate the highest common factor of 56 and w.
7
Let v = 38 + -33. Suppose -v*x + 720 = b, -3*x - 3*b = -468 + 36. What is the highest common divisor of 16 and x?
16
Suppose z - 3*z + 38 = 0. Suppose 15 = 3*t - 4*x, 4*x - 38 = -5*t + z. Let m = -79 + 142. Calculate the highest common factor of m and t.
9
Let k(j) = -3*j**2 + 35*j - 2. Let m be k(7). What is the highest common factor of m and 32?
32
Let g(n) = -170*n**3 + n**2 + n. Let m be g(-1). Calculate the highest common factor of 10 and m.
10
Suppose 43146 = -5*v + 107*v. Let r be (3 - (-76)/6)*3. Calculate the greatest common factor of r and v.
47
Let a = 145 - 67. Suppose 0 = -3*o + 2*j + 166, 2*o - 89 = j - 4*j. What is the highest common divisor of o and a?
26
Suppose -18*t + 19*t - 40 = 0. Let i be 2/(-6) - (-48)/9. What is the highest common divisor of i and t?
5
Let o = -762 - -888. Let x(h) = h**3 + 5*h**2 + 2. Let i be x(-4). What is the